{"id":705,"date":"2025-11-03T18:05:54","date_gmt":"2025-11-03T21:05:54","guid":{"rendered":"https:\/\/eabalcarce-bue.infd.edu.ar\/sitio\/?page_id=705"},"modified":"2026-03-19T18:22:28","modified_gmt":"2026-03-19T21:22:28","slug":"historia","status":"publish","type":"page","link":"https:\/\/eabalcarce-bue.infd.edu.ar\/sitio\/historia\/","title":{"rendered":"Historia"},"content":{"rendered":"\n<p>La Escuela de Arte \u201cAstor Piazzolla\u201d de Balcarce fue inaugurada en 1987, en respuesta a la creciente necesidad de formaci\u00f3n art\u00edstica en la comunidad. En sus inicios, ofrec\u00eda los profesorados de M\u00fasica y Cer\u00e1mica, adem\u00e1s de cursos de extensi\u00f3n comunitaria e Ilustraci\u00f3n.<br>Para cubrir la demanda docente, los primeros profesionales llegaron desde ciudades cercanas como Mar del Plata y Tandil; Para dar respuestas a las demandas del sistema educativo y la realidad cultural de la ciudad se consider\u00f3 necesario contar con un centro de formaci\u00f3n acad\u00e9mica dentro del \u00e1mbito del distrito para formar recursos humanos titulados. En el \u00e1rea de Pl\u00e1stica se inici\u00f3 el Magisterio de Cer\u00e1mica y en el \u00e1rea de M\u00fasica el Ciclo de Iniciaci\u00f3n Musical para ni\u00f1os con la elecci\u00f3n de instrumentos piano o guitarra. En sus inicios la Escuela de Arte estuvo ubicada en la calle Avenida Del Valle esquina 12;con el tiempo, este espacio result\u00f3 insuficiente debido al crecimiento de la matr\u00edcula y present\u00f3 dificultades edilicias, lo que llev\u00f3 a la comunidad educativa a buscar soluciones para mejorar las condiciones de ense\u00f1anza, en 2006, se traslad\u00f3 a su actual direcci\u00f3n en calle 11, entre 18 y 20, edificio perteneciente al club de Leones.<br>A lo largo de su trayectoria, la Escuela de Arte ha formado a numerosos profesionales, docentes, t\u00e9cnicos y artistas que se han insertado en el medio con una mirada cr\u00edtica y constructiva hacia la sociedad. Su compromiso con la educaci\u00f3n art\u00edstica ha contribuido significativamente al desarrollo cultural de la comunidad balcarce\u00f1a.<\/p>\n\n\n<div class=\"wp-block-image\">\n<figure class=\"aligncenter size-full\"><img decoding=\"async\" loading=\"lazy\" width=\"720\" height=\"482\" src=\"https:\/\/eabalcarce-bue.infd.edu.ar\/sitio\/wp-content\/uploads\/2025\/11\/60276_1402251372149_1108283852_30932645_98633_n-2.jpg\" alt=\"\" class=\"wp-image-761\"\/><\/figure><\/div>","protected":false},"excerpt":{"rendered":"<p>La Escuela de Arte \u201cAstor Piazzolla\u201d de Balcarce fue inaugurada en 1987, en respuesta a la creciente necesidad de formaci\u00f3n art\u00edstica en la comunidad. En sus inicios, ofrec\u00eda los profesorados de M\u00fasica y Cer\u00e1mica, adem\u00e1s de cursos de extensi\u00f3n comunitaria e Ilustraci\u00f3n.Para cubrir la demanda docente, los primeros profesionales llegaron desde ciudades cercanas como Mar &#8230; <a title=\"Historia\" class=\"read-more\" href=\"https:\/\/eabalcarce-bue.infd.edu.ar\/sitio\/historia\/\" aria-label=\"More on Historia\">[+]<\/a><\/p>\n","protected":false},"author":14,"featured_media":0,"parent":0,"menu_order":0,"comment_status":"closed","ping_status":"closed","template":"","meta":[],"acf":[],"_links":{"self":[{"href":"https:\/\/eabalcarce-bue.infd.edu.ar\/sitio\/wp-json\/wp\/v2\/pages\/705"}],"collection":[{"href":"https:\/\/eabalcarce-bue.infd.edu.ar\/sitio\/wp-json\/wp\/v2\/pages"}],"about":[{"href":"https:\/\/eabalcarce-bue.infd.edu.ar\/sitio\/wp-json\/wp\/v2\/types\/page"}],"author":[{"embeddable":true,"href":"https:\/\/eabalcarce-bue.infd.edu.ar\/sitio\/wp-json\/wp\/v2\/users\/14"}],"replies":[{"embeddable":true,"href":"https:\/\/eabalcarce-bue.infd.edu.ar\/sitio\/wp-json\/wp\/v2\/comments?post=705"}],"version-history":[{"count":3,"href":"https:\/\/eabalcarce-bue.infd.edu.ar\/sitio\/wp-json\/wp\/v2\/pages\/705\/revisions"}],"predecessor-version":[{"id":762,"href":"https:\/\/eabalcarce-bue.infd.edu.ar\/sitio\/wp-json\/wp\/v2\/pages\/705\/revisions\/762"}],"wp:attachment":[{"href":"https:\/\/eabalcarce-bue.infd.edu.ar\/sitio\/wp-json\/wp\/v2\/media?parent=705"}],"curies":[{"name":"wp","href":"https:\/\/api.w.org\/{rel}","templated":true}]}}