{"id":724,"date":"2025-11-03T18:25:45","date_gmt":"2025-11-03T21:25:45","guid":{"rendered":"https:\/\/eabalcarce-bue.infd.edu.ar\/sitio\/?page_id=724"},"modified":"2026-03-19T18:23:10","modified_gmt":"2026-03-19T21:23:10","slug":"equipo-de-gestion-institucional","status":"publish","type":"page","link":"https:\/\/eabalcarce-bue.infd.edu.ar\/sitio\/equipo-de-gestion-institucional\/","title":{"rendered":"Equipo de Gesti\u00f3n institucional"},"content":{"rendered":"\n<p>Directora: Gloria \u00c1lvarez<\/p>\n\n\n\n<p>Vicedirectora: Lucila Bodega<\/p>\n\n\n\n<p>Secretaria: Patricia Farace<\/p>\n\n\n\n<p>Jefa de \u00c1rea: Juana Ben\u00edtez<\/p>\n\n\n\n<p><\/p>\n\n\n\n<hr class=\"wp-block-separator has-alpha-channel-opacity\"\/>\n\n\n\n<p><strong>Equipo de Trabajo<\/strong><\/p>\n\n\n\n<p>Preceptoras:<\/p>\n\n\n\n<p>Paola Sorich (Turno ma\u00f1ana)<\/p>\n\n\n\n<p>Carla Tarantino (Turno tarde)<\/p>\n\n\n\n<p>Marisa Irusquieta y Alejandra Furno (Turno vespertino)<\/p>\n\n\n\n<p>Auxiliares:<\/p>\n\n\n\n<p>Jaqueline Ram\u00edrez (Turno ma\u00f1ana)<\/p>\n\n\n\n<p>Gabriela Leguizam\u00f3n (turno tarde)<\/p>\n\n\n\n<p>Adriana Mancini (Turno vespertino)<\/p>\n\n\n\n<p><\/p>\n","protected":false},"excerpt":{"rendered":"<p>Directora: Gloria \u00c1lvarez Vicedirectora: Lucila Bodega Secretaria: Patricia Farace Jefa de \u00c1rea: Juana Ben\u00edtez Equipo de Trabajo Preceptoras: Paola Sorich (Turno ma\u00f1ana) Carla Tarantino (Turno tarde) Marisa Irusquieta y Alejandra Furno (Turno vespertino) Auxiliares: Jaqueline Ram\u00edrez (Turno ma\u00f1ana) Gabriela Leguizam\u00f3n (turno tarde) Adriana Mancini (Turno vespertino)<\/p>\n","protected":false},"author":14,"featured_media":0,"parent":0,"menu_order":0,"comment_status":"closed","ping_status":"closed","template":"","meta":[],"acf":[],"_links":{"self":[{"href":"https:\/\/eabalcarce-bue.infd.edu.ar\/sitio\/wp-json\/wp\/v2\/pages\/724"}],"collection":[{"href":"https:\/\/eabalcarce-bue.infd.edu.ar\/sitio\/wp-json\/wp\/v2\/pages"}],"about":[{"href":"https:\/\/eabalcarce-bue.infd.edu.ar\/sitio\/wp-json\/wp\/v2\/types\/page"}],"author":[{"embeddable":true,"href":"https:\/\/eabalcarce-bue.infd.edu.ar\/sitio\/wp-json\/wp\/v2\/users\/14"}],"replies":[{"embeddable":true,"href":"https:\/\/eabalcarce-bue.infd.edu.ar\/sitio\/wp-json\/wp\/v2\/comments?post=724"}],"version-history":[{"count":2,"href":"https:\/\/eabalcarce-bue.infd.edu.ar\/sitio\/wp-json\/wp\/v2\/pages\/724\/revisions"}],"predecessor-version":[{"id":727,"href":"https:\/\/eabalcarce-bue.infd.edu.ar\/sitio\/wp-json\/wp\/v2\/pages\/724\/revisions\/727"}],"wp:attachment":[{"href":"https:\/\/eabalcarce-bue.infd.edu.ar\/sitio\/wp-json\/wp\/v2\/media?parent=724"}],"curies":[{"name":"wp","href":"https:\/\/api.w.org\/{rel}","templated":true}]}}